{"id":4845,"date":"2025-05-27T14:23:55","date_gmt":"2025-05-27T12:23:55","guid":{"rendered":"https:\/\/abrisol.acceseo.dev\/subvencions\/internacionalitzacio-pimes-2022-2\/"},"modified":"2025-07-15T11:42:15","modified_gmt":"2025-07-15T09:42:15","slug":"internacionalitzacio-pimes-2022-2","status":"publish","type":"page","link":"https:\/\/www.abrisol.net\/ca\/subvencions\/internacionalitzacio-pimes-2022-2\/","title":{"rendered":"Industrialitzaci\u00f3 PIMES 2022"},"content":{"rendered":"\n<div class=\"wp-block-uagb-container uagb-block-90a46cd1 alignfull uagb-is-root-container\"><div class=\"uagb-container-inner-blocks-wrap\">\n<div class=\"wp-block-uagb-advanced-heading uagb-block-8d31e656\"><h1 class=\"uagb-heading-text\">Subvencions<\/h1><\/div>\n\n\n\n<div class=\"wp-block-uagb-container uagb-block-7297c821\">\n<div class=\"wp-block-uagb-image uagb-block-90bf4a98 wp-block-uagb-image--layout-default wp-block-uagb-image--effect-static wp-block-uagb-image--align-none\"><figure class=\"wp-block-uagb-image__figure\"><img decoding=\"async\" src=\"https:\/\/www.abrisol.net\/wp-content\/uploads\/2025\/05\/logo-generalitat.png\" alt=\"\" class=\"uag-image-4701\" width=\"740\" height=\"306\" title=\"logo-generalitat\" loading=\"lazy\" role=\"img\" \/><\/figure><\/div>\n\n\n\n<div class=\"wp-block-uagb-advanced-heading uagb-block-f55f9afe\"><p class=\"uagb-heading-text\">ESTRUCTURAS DE ALUMINIO ALICANTE, S.L. ha estat benefici\u00e0ria d\u2019una subvenci\u00f3 de la Conselleria d\u2019Economia Sostenible, Sector Productius, Comer\u00e7 i Treball, de la Comunitat Valenciana, per un import de 24.451,99 \u20ac, expedient n\u00famero IMPYME2022\/884, que ha tingut com a objectiu la millora de la competitivitat i sostenibilitat en el sector metal\u00b7l\u00fargic, mitjan\u00e7ant la inversi\u00f3 en maquin\u00e0ria.<br><br><br><br><br><br><br><\/p><\/div>\n<\/div>\n<\/div><\/div>\n","protected":false},"excerpt":{"rendered":"<p>Subvencions ESTRUCTURAS DE ALUMINIO ALICANTE, S.L. ha estat benefici\u00e0ria d\u2019una subvenci\u00f3 de la Conselleria d\u2019Economia Sostenible, Sector Productius, Comer\u00e7 i Treball, de la Comunitat Valenciana, per un import de 24.451,99 \u20ac, expedient n\u00famero IMPYME2022\/884, que ha tingut com a objectiu la millora de la competitivitat i sostenibilitat en el sector metal\u00b7l\u00fargic, mitjan\u00e7ant la inversi\u00f3 en [&hellip;]<\/p>\n","protected":false},"author":1,"featured_media":0,"parent":4686,"menu_order":3,"comment_status":"closed","ping_status":"closed","template":"","meta":{"_acf_changed":false,"_uag_custom_page_level_css":"","footnotes":""},"class_list":["post-4845","page","type-page","status-publish","hentry"],"acf":[],"spectra_custom_meta":{"rank_math_internal_links_processed":["1"],"_top_nav_excluded":[""],"_cms_nav_minihome":[""],"_wp_page_template":["default"],"_last_translation_edit_mode":["native-editor"],"_wpml_word_count":["74"],"rank_math_og_content_image":["a:2:{s:5:\"check\";s:32:\"a1dfaa918952024f77fa8810f2820ab7\";s:6:\"images\";a:1:{i:0;i:4701;}}"],"_wpml_media_duplicate":["1"],"_wpml_media_featured":["1"],"_edit_lock":["1752572537:43"],"rank_math_seo_score":["10"],"_edit_last":["43"],"_wpml_media_has_media":["1"],"_uag_css_file_name":["uag-css-4845.css"],"_uag_js_file_name":["uag-js-4845.js"]},"uagb_featured_image_src":{"full":false,"thumbnail":false,"medium":false,"medium_large":false,"large":false,"1536x1536":false,"2048x2048":false},"uagb_author_info":{"display_name":"redaccion","author_link":"https:\/\/www.abrisol.net\/ca\/author\/redaccion\/"},"uagb_comment_info":0,"uagb_excerpt":"Subvencions ESTRUCTURAS DE ALUMINIO ALICANTE, S.L. ha estat benefici\u00e0ria d\u2019una subvenci\u00f3 de la Conselleria d\u2019Economia Sostenible, Sector Productius, Comer\u00e7 i Treball, de la Comunitat Valenciana, per un import de 24.451,99 \u20ac, expedient n\u00famero IMPYME2022\/884, que ha tingut com a objectiu la millora de la competitivitat i sostenibilitat en el sector metal\u00b7l\u00fargic, mitjan\u00e7ant la inversi\u00f3 en&hellip;","_links":{"self":[{"href":"https:\/\/www.abrisol.net\/ca\/wp-json\/wp\/v2\/pages\/4845","targetHints":{"allow":["GET"]}}],"collection":[{"href":"https:\/\/www.abrisol.net\/ca\/wp-json\/wp\/v2\/pages"}],"about":[{"href":"https:\/\/www.abrisol.net\/ca\/wp-json\/wp\/v2\/types\/page"}],"author":[{"embeddable":true,"href":"https:\/\/www.abrisol.net\/ca\/wp-json\/wp\/v2\/users\/1"}],"replies":[{"embeddable":true,"href":"https:\/\/www.abrisol.net\/ca\/wp-json\/wp\/v2\/comments?post=4845"}],"version-history":[{"count":4,"href":"https:\/\/www.abrisol.net\/ca\/wp-json\/wp\/v2\/pages\/4845\/revisions"}],"predecessor-version":[{"id":10577,"href":"https:\/\/www.abrisol.net\/ca\/wp-json\/wp\/v2\/pages\/4845\/revisions\/10577"}],"up":[{"embeddable":true,"href":"https:\/\/www.abrisol.net\/ca\/wp-json\/wp\/v2\/pages\/4686"}],"wp:attachment":[{"href":"https:\/\/www.abrisol.net\/ca\/wp-json\/wp\/v2\/media?parent=4845"}],"curies":[{"name":"wp","href":"https:\/\/api.w.org\/{rel}","templated":true}]}}

Industrialització PIMES 2022

<div class="wp-block-uagb-container uagb-block-90a46cd1 alignfull uagb-is-root-container"><div class="uagb-container-inner-blocks-wrap">
<div class="wp-block-uagb-advanced-heading uagb-block-8d31e656"><h1 class="uagb-heading-text">Subvencions</h1></div>



<div class="wp-block-uagb-container uagb-block-7297c821">
<div class="wp-block-uagb-image uagb-block-90bf4a98 wp-block-uagb-image--layout-default wp-block-uagb-image--effect-static wp-block-uagb-image--align-none"><figure class="wp-block-uagb-image__figure"><img decoding="async" src="https://www.abrisol.net/wp-content/uploads/2025/05/logo-generalitat.png" alt="" class="uag-image-4701" width="740" height="306" title="logo-generalitat" loading="lazy" role="img" /></figure></div>



<div class="wp-block-uagb-advanced-heading uagb-block-f55f9afe"><p class="uagb-heading-text">ESTRUCTURAS DE ALUMINIO ALICANTE, S.L. ha estat beneficiària d’una subvenció de la Conselleria d’Economia Sostenible, Sector Productius, Comerç i Treball, de la Comunitat Valenciana, per un import de 24.451,99 €, expedient número IMPYME2022/884, que ha tingut com a objectiu la millora de la competitivitat i sostenibilitat en el sector metal·lúrgic, mitjançant la inversió en maquinària.<br><br><br><br><br><br><br></p></div>
</div>
</div></div>

<p>Subvencions ESTRUCTURAS DE ALUMINIO ALICANTE, S.L. ha estat beneficiària d’una subvenció de la Conselleria d’Economia Sostenible, Sector Productius, Comerç i Treball, de la Comunitat Valenciana, per un import de 24.451,99 €, expedient número IMPYME2022/884, que ha tingut com a objectiu la millora de la competitivitat i sostenibilitat en el sector metal·lúrgic, mitjançant la inversió en [&hellip;]</p>

Subvencions ESTRUCTURAS DE ALUMINIO ALICANTE, S.L. ha estat beneficiària d’una subvenció de la Conselleria d’Economia Sostenible, Sector Productius, Comerç i Treball, de la Comunitat Valenciana, per un import de 24.451,99 €, expedient número IMPYME2022/884, que ha tingut com a objectiu la millora de la competitivitat i sostenibilitat en el sector metal·lúrgic, mitjançant la inversió en&hellip;
