{"id":4739,"date":"2025-05-27T12:36:42","date_gmt":"2025-05-27T10:36:42","guid":{"rendered":"https:\/\/abrisol.acceseo.dev\/subvenciones\/"},"modified":"2025-07-29T12:08:33","modified_gmt":"2025-07-29T10:08:33","slug":"subvenciones","status":"publish","type":"page","link":"https:\/\/www.abrisol.net\/pt-pt\/subvenciones\/","title":{"rendered":"Subs\u00eddios"},"content":{"rendered":"\n<div class=\"wp-block-uagb-container uagb-block-4e5d0cc8 alignfull uagb-is-root-container\"><div class=\"uagb-container-inner-blocks-wrap\">\n<div class=\"wp-block-uagb-advanced-heading uagb-block-8d31e656\"><h1 class=\"uagb-heading-text\">Subs\u00eddios<\/h1><\/div>\n\n\n\n<div class=\"wp-block-uagb-container uagb-block-ec9a661e alignfull uagb-is-root-container\"><div class=\"uagb-container-inner-blocks-wrap\">\n<div class=\"wp-block-uagb-container uagb-block-590ecfa9\">\n<div class=\"wp-block-uagb-image aligncenter uagb-block-1ac9c3d5 wp-block-uagb-image--layout-default wp-block-uagb-image--effect-static wp-block-uagb-image--align-center\"><figure class=\"wp-block-uagb-image__figure\"><img decoding=\"async\" src=\"https:\/\/www.abrisol.net\/wp-content\/uploads\/2025\/05\/generalitat-valenciana.png\" alt=\"\" class=\"uag-image-4657\" width=\"358\" height=\"195\" title=\"generalitat-valenciana\" loading=\"lazy\" role=\"img\" \/><\/figure><\/div><br>\n\n\n\n<div class=\"wp-block-uagb-advanced-heading uagb-block-f093af4a\"><p class=\"uagb-heading-text\"><a href=\"https:\/\/www.abrisol.net\/pt-pt\/subvenciones\/internacionalizacao-pme-2023\/\">Internacionaliza\u00e7\u00e3o PME 2023<\/a><\/p><\/div>\n<\/div>\n\n\n\n<div class=\"wp-block-uagb-container uagb-block-e5797f2a\">\n<div class=\"wp-block-uagb-image aligncenter uagb-block-b30dae6a wp-block-uagb-image--layout-default wp-block-uagb-image--effect-static wp-block-uagb-image--align-center\"><figure class=\"wp-block-uagb-image__figure\"><img decoding=\"async\" src=\"https:\/\/www.abrisol.net\/wp-content\/uploads\/2025\/05\/generalitat-valenciana.png\" alt=\"\" class=\"uag-image-4657\" width=\"358\" height=\"195\" title=\"generalitat-valenciana\" loading=\"lazy\" role=\"img\" \/><\/figure><\/div><br>\n\n\n\n<div class=\"wp-block-uagb-advanced-heading uagb-block-eec66d6c\"><p class=\"uagb-heading-text\"><a href=\"https:\/\/www.abrisol.net\/pt-pt\/subvenciones\/industrializacao-pme-2023\/\">Industrializa\u00e7\u00e3o PME 2023<\/a><\/p><\/div>\n<\/div>\n\n\n\n<div class=\"wp-block-uagb-container uagb-block-afa2041c\">\n<div class=\"wp-block-uagb-image aligncenter uagb-block-e913d433 wp-block-uagb-image--layout-default wp-block-uagb-image--effect-static wp-block-uagb-image--align-center\"><figure class=\"wp-block-uagb-image__figure\"><img decoding=\"async\" src=\"https:\/\/www.abrisol.net\/wp-content\/uploads\/2025\/05\/generalitat-valenciana.png\" alt=\"\" class=\"uag-image-4657\" width=\"358\" height=\"195\" title=\"generalitat-valenciana\" loading=\"lazy\" role=\"img\" \/><\/figure><\/div><br>\n\n\n\n<div class=\"wp-block-uagb-advanced-heading uagb-block-22adf482\"><p class=\"uagb-heading-text\"><a href=\"https:\/\/www.abrisol.net\/pt-pt\/subvenciones\/internacionalizacao-pme-2022\/\">Internacionaliza\u00e7\u00e3o PME 2022<\/a><\/p><\/div>\n<\/div>\n<\/div><\/div>\n\n\n\n<div class=\"wp-block-uagb-container uagb-block-821773d9 alignfull uagb-is-root-container\"><div class=\"uagb-container-inner-blocks-wrap\">\n<div class=\"wp-block-uagb-container uagb-block-ea50964b\">\n<div class=\"wp-block-uagb-image aligncenter uagb-block-a8ce6f62 wp-block-uagb-image--layout-default wp-block-uagb-image--effect-static wp-block-uagb-image--align-center\"><figure class=\"wp-block-uagb-image__figure\"><img decoding=\"async\" src=\"https:\/\/www.abrisol.net\/wp-content\/uploads\/2025\/05\/generalitat-valenciana.png\" alt=\"\" class=\"uag-image-4657\" width=\"358\" height=\"195\" title=\"generalitat-valenciana\" loading=\"lazy\" role=\"img\" \/><\/figure><\/div><br>\n\n\n\n<div class=\"wp-block-uagb-advanced-heading uagb-block-84784914\"><p class=\"uagb-heading-text\"><a href=\"https:\/\/www.abrisol.net\/pt-pt\/subvenciones\/industrializacao-pme-2022\/\">Industrializa\u00e7\u00e3o PME 2022<\/a><\/p><\/div>\n<\/div>\n\n\n\n<div class=\"wp-block-uagb-container uagb-block-cce8c18d\">\n<div class=\"wp-block-uagb-image aligncenter uagb-block-dbdbac25 wp-block-uagb-image--layout-default wp-block-uagb-image--effect-static wp-block-uagb-image--align-center\"><figure class=\"wp-block-uagb-image__figure\"><img decoding=\"async\" src=\"https:\/\/www.abrisol.net\/wp-content\/uploads\/2025\/05\/generalitat-valenciana.png\" alt=\"\" class=\"uag-image-4657\" width=\"358\" height=\"195\" title=\"generalitat-valenciana\" loading=\"lazy\" role=\"img\" \/><\/figure><\/div><br>\n\n\n\n<div class=\"wp-block-uagb-advanced-heading uagb-block-5f2a4253\"><p class=\"uagb-heading-text\"><a href=\"https:\/\/www.abrisol.net\/pt-pt\/subvenciones\/internacionalizacao-pme-2021\/\">Internacionaliza\u00e7\u00e3o PME 2021<\/a><\/p><\/div>\n<\/div>\n\n\n\n<div class=\"wp-block-uagb-container uagb-block-3978b9bc\">\n<div class=\"wp-block-uagb-image aligncenter uagb-block-38968c58 wp-block-uagb-image--layout-default wp-block-uagb-image--effect-static wp-block-uagb-image--align-center\"><figure class=\"wp-block-uagb-image__figure\"><img decoding=\"async\" src=\"https:\/\/www.abrisol.net\/wp-content\/uploads\/2025\/05\/generalitat-valenciana.png\" alt=\"\" class=\"uag-image-4657\" width=\"358\" height=\"195\" title=\"generalitat-valenciana\" loading=\"lazy\" role=\"img\" \/><\/figure><\/div><br>\n\n\n\n<div class=\"wp-block-uagb-advanced-heading uagb-block-3346ffbc\"><p class=\"uagb-heading-text\"><a href=\"https:\/\/www.abrisol.net\/pt-pt\/subvenciones\/industrializacao-pme-2021\/\">Industrializa\u00e7\u00e3o PME 2021<\/a><\/p><\/div>\n<\/div>\n<\/div><\/div>\n<\/div><\/div>\n","protected":false},"excerpt":{"rendered":"<p>Subs\u00eddios Internacionaliza\u00e7\u00e3o PME 2023 Industrializa\u00e7\u00e3o PME 2023 Internacionaliza\u00e7\u00e3o PME 2022 Industrializa\u00e7\u00e3o PME 2022 Internacionaliza\u00e7\u00e3o PME 2021 Industrializa\u00e7\u00e3o PME 2021<\/p>\n","protected":false},"author":1,"featured_media":4706,"parent":0,"menu_order":13,"comment_status":"closed","ping_status":"closed","template":"","meta":{"_acf_changed":false,"_uag_custom_page_level_css":"","footnotes":""},"class_list":["post-4739","page","type-page","status-publish","has-post-thumbnail","hentry"],"acf":[],"spectra_custom_meta":{"rank_math_internal_links_processed":["1"],"_top_nav_excluded":[""],"_cms_nav_minihome":[""],"_wp_page_template":["default"],"_last_translation_edit_mode":["translation-editor"],"_wpml_word_count":["31"],"rank_math_og_content_image":["a:2:{s:5:\"check\";s:32:\"4150d96961c9f8f08df18d8fbf6cb00e\";s:6:\"images\";a:1:{i:0;i:4657;}}"],"_wp_attachment_metadata":[""],"_wpml_media_duplicate":["1"],"_wpml_media_featured":["1"],"_edit_lock":["1752571504:43"],"rank_math_seo_score":["19"],"_uag_custom_page_level_css":[""],"footnotes":[""],"_edit_last":["43"],"_wpml_media_has_media":["1"],"rank_math_description":["A Abrisol recebeu v\u00e1rios subs\u00eddios para a sua internacionaliza\u00e7\u00e3o como PME em Espanha em 2021, 2022 e 2023."],"_thumbnail_id":["4706"],"_uag_css_file_name":["uag-css-4739.css"],"_uag_js_file_name":["uag-js-4739.js"]},"uagb_featured_image_src":{"full":["https:\/\/www.abrisol.net\/wp-content\/uploads\/2025\/05\/logo-generalitat.png",740,306,false],"thumbnail":["https:\/\/www.abrisol.net\/wp-content\/uploads\/2025\/05\/logo-generalitat-150x150.png",150,150,true],"medium":["https:\/\/www.abrisol.net\/wp-content\/uploads\/2025\/05\/logo-generalitat-300x124.png",300,124,true],"medium_large":["https:\/\/www.abrisol.net\/wp-content\/uploads\/2025\/05\/logo-generalitat.png",740,306,false],"large":["https:\/\/www.abrisol.net\/wp-content\/uploads\/2025\/05\/logo-generalitat.png",740,306,false],"1536x1536":["https:\/\/www.abrisol.net\/wp-content\/uploads\/2025\/05\/logo-generalitat.png",740,306,false],"2048x2048":["https:\/\/www.abrisol.net\/wp-content\/uploads\/2025\/05\/logo-generalitat.png",740,306,false]},"uagb_author_info":{"display_name":"redaccion","author_link":"https:\/\/www.abrisol.net\/pt-pt\/author\/redaccion\/"},"uagb_comment_info":0,"uagb_excerpt":"Subs\u00eddios Internacionaliza\u00e7\u00e3o PME 2023 Industrializa\u00e7\u00e3o PME 2023 Internacionaliza\u00e7\u00e3o PME 2022 Industrializa\u00e7\u00e3o PME 2022 Internacionaliza\u00e7\u00e3o PME 2021 Industrializa\u00e7\u00e3o PME 2021","_links":{"self":[{"href":"https:\/\/www.abrisol.net\/pt-pt\/wp-json\/wp\/v2\/pages\/4739","targetHints":{"allow":["GET"]}}],"collection":[{"href":"https:\/\/www.abrisol.net\/pt-pt\/wp-json\/wp\/v2\/pages"}],"about":[{"href":"https:\/\/www.abrisol.net\/pt-pt\/wp-json\/wp\/v2\/types\/page"}],"author":[{"embeddable":true,"href":"https:\/\/www.abrisol.net\/pt-pt\/wp-json\/wp\/v2\/users\/1"}],"replies":[{"embeddable":true,"href":"https:\/\/www.abrisol.net\/pt-pt\/wp-json\/wp\/v2\/comments?post=4739"}],"version-history":[{"count":11,"href":"https:\/\/www.abrisol.net\/pt-pt\/wp-json\/wp\/v2\/pages\/4739\/revisions"}],"predecessor-version":[{"id":10851,"href":"https:\/\/www.abrisol.net\/pt-pt\/wp-json\/wp\/v2\/pages\/4739\/revisions\/10851"}],"wp:featuredmedia":[{"embeddable":true,"href":"https:\/\/www.abrisol.net\/pt-pt\/wp-json\/wp\/v2\/media\/4706"}],"wp:attachment":[{"href":"https:\/\/www.abrisol.net\/pt-pt\/wp-json\/wp\/v2\/media?parent=4739"}],"curies":[{"name":"wp","href":"https:\/\/api.w.org\/{rel}","templated":true}]}}

Subsídios

<div class="wp-block-uagb-container uagb-block-4e5d0cc8 alignfull uagb-is-root-container"><div class="uagb-container-inner-blocks-wrap">
<div class="wp-block-uagb-advanced-heading uagb-block-8d31e656"><h1 class="uagb-heading-text">Subsídios</h1></div>



<div class="wp-block-uagb-container uagb-block-ec9a661e alignfull uagb-is-root-container"><div class="uagb-container-inner-blocks-wrap">
<div class="wp-block-uagb-container uagb-block-590ecfa9">
<div class="wp-block-uagb-image aligncenter uagb-block-1ac9c3d5 wp-block-uagb-image--layout-default wp-block-uagb-image--effect-static wp-block-uagb-image--align-center"><figure class="wp-block-uagb-image__figure"><img decoding="async" src="https://www.abrisol.net/wp-content/uploads/2025/05/generalitat-valenciana.png" alt="" class="uag-image-4657" width="358" height="195" title="generalitat-valenciana" loading="lazy" role="img" /></figure></div><br>



<div class="wp-block-uagb-advanced-heading uagb-block-f093af4a"><p class="uagb-heading-text"><a href="https://www.abrisol.net/pt-pt/subvenciones/internacionalizacao-pme-2023/">Internacionalização PME 2023</a></p></div>
</div>



<div class="wp-block-uagb-container uagb-block-e5797f2a">
<div class="wp-block-uagb-image aligncenter uagb-block-b30dae6a wp-block-uagb-image--layout-default wp-block-uagb-image--effect-static wp-block-uagb-image--align-center"><figure class="wp-block-uagb-image__figure"><img decoding="async" src="https://www.abrisol.net/wp-content/uploads/2025/05/generalitat-valenciana.png" alt="" class="uag-image-4657" width="358" height="195" title="generalitat-valenciana" loading="lazy" role="img" /></figure></div><br>



<div class="wp-block-uagb-advanced-heading uagb-block-eec66d6c"><p class="uagb-heading-text"><a href="https://www.abrisol.net/pt-pt/subvenciones/industrializacao-pme-2023/">Industrialização PME 2023</a></p></div>
</div>



<div class="wp-block-uagb-container uagb-block-afa2041c">
<div class="wp-block-uagb-image aligncenter uagb-block-e913d433 wp-block-uagb-image--layout-default wp-block-uagb-image--effect-static wp-block-uagb-image--align-center"><figure class="wp-block-uagb-image__figure"><img decoding="async" src="https://www.abrisol.net/wp-content/uploads/2025/05/generalitat-valenciana.png" alt="" class="uag-image-4657" width="358" height="195" title="generalitat-valenciana" loading="lazy" role="img" /></figure></div><br>



<div class="wp-block-uagb-advanced-heading uagb-block-22adf482"><p class="uagb-heading-text"><a href="https://www.abrisol.net/pt-pt/subvenciones/internacionalizacao-pme-2022/">Internacionalização PME 2022</a></p></div>
</div>
</div></div>



<div class="wp-block-uagb-container uagb-block-821773d9 alignfull uagb-is-root-container"><div class="uagb-container-inner-blocks-wrap">
<div class="wp-block-uagb-container uagb-block-ea50964b">
<div class="wp-block-uagb-image aligncenter uagb-block-a8ce6f62 wp-block-uagb-image--layout-default wp-block-uagb-image--effect-static wp-block-uagb-image--align-center"><figure class="wp-block-uagb-image__figure"><img decoding="async" src="https://www.abrisol.net/wp-content/uploads/2025/05/generalitat-valenciana.png" alt="" class="uag-image-4657" width="358" height="195" title="generalitat-valenciana" loading="lazy" role="img" /></figure></div><br>



<div class="wp-block-uagb-advanced-heading uagb-block-84784914"><p class="uagb-heading-text"><a href="https://www.abrisol.net/pt-pt/subvenciones/industrializacao-pme-2022/">Industrialização PME 2022</a></p></div>
</div>



<div class="wp-block-uagb-container uagb-block-cce8c18d">
<div class="wp-block-uagb-image aligncenter uagb-block-dbdbac25 wp-block-uagb-image--layout-default wp-block-uagb-image--effect-static wp-block-uagb-image--align-center"><figure class="wp-block-uagb-image__figure"><img decoding="async" src="https://www.abrisol.net/wp-content/uploads/2025/05/generalitat-valenciana.png" alt="" class="uag-image-4657" width="358" height="195" title="generalitat-valenciana" loading="lazy" role="img" /></figure></div><br>



<div class="wp-block-uagb-advanced-heading uagb-block-5f2a4253"><p class="uagb-heading-text"><a href="https://www.abrisol.net/pt-pt/subvenciones/internacionalizacao-pme-2021/">Internacionalização PME 2021</a></p></div>
</div>



<div class="wp-block-uagb-container uagb-block-3978b9bc">
<div class="wp-block-uagb-image aligncenter uagb-block-38968c58 wp-block-uagb-image--layout-default wp-block-uagb-image--effect-static wp-block-uagb-image--align-center"><figure class="wp-block-uagb-image__figure"><img decoding="async" src="https://www.abrisol.net/wp-content/uploads/2025/05/generalitat-valenciana.png" alt="" class="uag-image-4657" width="358" height="195" title="generalitat-valenciana" loading="lazy" role="img" /></figure></div><br>



<div class="wp-block-uagb-advanced-heading uagb-block-3346ffbc"><p class="uagb-heading-text"><a href="https://www.abrisol.net/pt-pt/subvenciones/industrializacao-pme-2021/">Industrialização PME 2021</a></p></div>
</div>
</div></div>
</div></div>

<p>Subsídios Internacionalização PME 2023 Industrialização PME 2023 Internacionalização PME 2022 Industrialização PME 2022 Internacionalização PME 2021 Industrialização PME 2021</p>

A Abrisol recebeu vários subsídios para a sua internacionalização como PME em Espanha em 2021, 2022 e 2023.

Subsídios Internacionalização PME 2023 Industrialização PME 2023 Internacionalização PME 2022 Industrialização PME 2022 Internacionalização PME 2021 Industrialização PME 2021
